Calculate a(-14).
116
Let y(b) = 22*b - 78. Calculate y(6).
54
Let y(a) = -33*a**2 + 944*a + 383. Determine y(29).
6
Let d(h) = 2*h**3 - 223*h**2 - 118*h + 668. Calculate d(112).
-4
Let s(n) = -118*n - 734. Calculate s(-6).
-26
Let g(u) = 132*u**3. Give g(-1).
-132
Let m(k) = k**3 + 241*k**2 - 465*k + 5108. Determine m(-243).
5
Let t(m) = -3*m**3 + 390*m**2 - 1156*m + 1656. What is t(127)?
5
Let i(p) = -4*p**2 - 180*p + 9. Calculate i(-45).
9
Let k(b) = -837*b - 1766. Determine k(-2).
-92
Let m(l) = -16*l**2 + 131*l + 2. Give m(8).
26
Let x(d) = -3*d**2 + 188*d - 389. Determine x(59).
260
Let c(g) = 10*g**2 - 58*g + 57. Give c(1).
9
Let o(h) = 23667*h - 213016. What is o(9)?
-13
Let m(q) = 2*q**3 + 371*q**2 + 4645*q + 177. What is m(-172)?
5
Let k(m) = m**3 - 36*m**2 + 9*m - 3256. What is k(38)?
-26
Let j(r) = -r**2 + 40*r + 54. What is j(34)?
258
Let x(p) = -2*p**2 + 4*p + 123. Determine x(11).
-75
Let i(a) = 8*a - 233. What is i(28)?
-9
Let p(m) = m**3 + 62*m**2 - 101*m + 1735. What is p(-64)?
7
Let o(y) = -y**2 + 850*y + 9477. Determine o(-11).
6
Let w(t) = -68*t + 230. Determine w(13).
-654
Let b(q) = 2*q**3 - 21*q**2 + 2*q - 5. Give b(10).
-85
Let s(a) = 2*a**2 - 8*a. What is s(1)?
-6
Let k(j) = 20*j - 234. Calculate k(12).
6
Let w(x) = 2*x**2 - 17*x + 4. What is w(10)?
34
Let i(l) = 92*l - 61. What is i(0)?
-61
Let z(v) = -v**2 - 864*v - 3. Give z(0).
-3
Let g(z) = 128*z - 3358. What is g(25)?
-158
Let n(u) = 5*u**2 + 222*u - 438. Give n(2).
26
Let i(m) = -3*m**3 - 33*m**2 + m - 9. Calculate i(-11).
-20
Let h(f) = -f**3 - f - 15. Determine h(-4).
53
Let f(q) = 5689*q - 22755. Determine f(4).
1
Let q(a) = -112503*a + 225006. What is q(2)?
0
Let b(y) = -y**3 - 35*y**2 + 79*y + 195. Give b(-37).
10
Let h(l) = 164*l**3 + l**2 - 54*l + 54. Calculate h(1).
165
Let g(i) = -11*i + 722. What is g(68)?
-26
Let z(b) = 37*b - 611. Calculate z(17).
18
Let f(s) = -s**3 + 30*s**2 - 31*s + 29. Calculate f(29).
-29
Let w(f) = f**3 - 5*f**2 + 3*f + 41. Give w(5).
56
Let f(y) = -y**2 + 12*y + 519. Calculate f(-18).
-21
Let s(l) = -15*l**2 + 1245*l - 5. Give s(83).
-5
Let v(z) = -2*z**2 - 23*z - 47. Calculate v(10).
-477
Let v(t) = 12*t - 50. What is v(8)?
46
Let u(q) = -1654*q - 85997. Give u(-52).
11
Let y(q) = 4*q**2 - 49*q - 1592. What is y(27)?
1
Let h(z) = z**3 + 38*z**2 + 30*z + 183. Determine h(-37).
442
Let r(b) = 243*b - 10210. Determine r(42).
-4
Let k(b) = b**3 - 3*b**2 + 13*b - 37. Determine k(3).
2
Let w(t) = t**3 + t**2 - 208*t + 208. What is w(1)?
2
Let x(o) = -35*o - 163. Calculate x(-5).
12
Let j(d) = 11*d**3 - 52*d**2 - 11*d - 5. Determine j(5).
15
Let p(i) = -11*i**2 - 1612*i - 885. Determine p(-146).
-9
Let h(i) = -i**3 - 25*i**2 - 98*i + 732. Calculate h(-16).
-4
Let w(u) = -7*u**2 - 236*u + 579. What is w(-36)?
3
Let f(z) = 165*z**2 + 3801*z + 144. Give f(-23).
6
Let z(h) = -206*h - 1398. Calculate z(-3).
-780
Let d(h) = 16*h - 67. Give d(12).
125
Let d(c) = c**3 + 22*c**2 + 40*c + 303. Determine d(-20).
303
Let j(p) = 2*p**2 - 29*p - 1123. Give j(32).
-3
Let s(c) = -42*c**2 - 1852*c - 168. Calculate s(-44).
8
Let k(t) = -32028*t + 128121. Determine k(4).
9
Let b(j) = 2*j**3 + 16*j**2 + 14*j + 2. What is b(-7)?
2
Let r(m) = 7*m + 183. Calculate r(-29).
-20
Let p(a) = 78*a**3 - 2*a**2 - 4*a - 2. Give p(-1).
-78
Let i(l) = -66*l - 414. Give i(-6).
-18
Let g(a) = -a**3 - 20*a**2 + 27*a + 127. Determine g(-21).
1
Let o(q) = -45*q + 39. Determine o(5).
-186
Let h(b) = 2*b**2 + 10*b + 25. Determine h(-4).
17
Let o(g) = -1038*g - 8303. Calculate o(-8).
1
Let w(q) = 5681*q - 5739. What is w(1)?
-58
Let a(o) = 2*o**3 + 48*o**2 + 41*o + 46. Calculate a(-23).
161
Let j(y) = y**3 + 9*y**2 - 4*y - 21. Give j(-10).
-81
Let n(p) = 2*p**3 - 40*p**2 - 137*p - 39. Give n(23).
-16
Let y(p) = p**3 - 16*p**2 + 57*p - 881. What is y(16)?
31
Let h(w) = 2*w**3 - w**2 + 20*w + 55. Determine h(-2).
-5
Let i(f) = -2*f**2 - 47*f + 34. Calculate i(-24).
10
Let t(b) = 226*b + 2038. What is t(-9)?
4
Let n(w) = -w**3 - 15*w**2 - 56*w - 2. Determine n(-8).
-2
Let s(u) = 4*u**2 - 221*u + 47. What is s(55)?
-8
Let n(a) = -a**3 + 11*a**2 + 4*a - 15. Give n(8).
209
Let f(y) = -50*y - 2644. Give f(-53).
6
Let k(x) = -2*x**3 + 22*x**2 + 51*x + 3. Determine k(-2).
5
Let j(p) = p**3 + 3*p**2 - 4*p + 16. Give j(0).
16
Let m(y) = -114*y - 802. Give m(-7).
-4
Let x(i) = -59*i - 1409. What is x(-24)?
7
Let c(l) = -824*l + 9881. Give c(12).
-7
Let p(d) = -d**2 + 58*d - 409. Give p(9).
32
Let h(y) = -y**2 + 25*y + 137. Calculate h(34).
-169
Let q(n) = n**2 + 17*n - 52. What is q(-20)?
8
Let i(u) = 3*u**2 + 73*u + 66. What is i(-25)?
116
Let i(w) = 3*w**2 + 81*w + 426. Give i(-20).
6
Let t(j) = -j**3 + 83*j**2 - 1383*j + 69. What is t(23)?
0
Let k(j) = -3*j**2 + 16*j + 41. Determine k(-2).
-3
Let s(c) = -3*c**3 - 115*c**2 + 75*c - 124. Determine s(-39).
-7
Let p(g) = -g**3 + 26*g**2 - 183*g + 187. Calculate p(13).
5
Let v(q) = -q**2 + 85*q - 467. Determine v(6).
7
Let o(u) = -u**3 - u**2 - 195*u - 1078. Give o(-5).
-3
Let l(q) = -78*q**2 + 141*q - 5. Give l(2).
-35
Let y(w) = 876*w - 60449. What is y(69)?
-5
Let f(u) = 6*u**2 - 102*u - 132. Give f(18).
-24
Let g(r) = -128*r - 2655. What is g(-21)?
33
Let f(x) = 41*x - 8654. What is f(211)?
-3
Let d(j) = 3*j - 23. Give d(5).
-8
Let n(k) = -128*k + 451. Calculate n(8).
-573
Let w(b) = -b**3 - 42*b**2 - 434*b + 73. What is w(-19)?
16
Let t(b) = -67*b + 454. Give t(7).
-15
Let m(j) = 4*j**3 + 72*j**2 + 329*j + 86. Determine m(-8).
14
Let a(r) = -5*r**2 + 1782*r + 1783. Calculate a(-1).
-4
Let b(f) = 2*f**2 + 86*f + 165. What is b(-18)?
-735
Let x(w) = -w**3 - 4*w**2 + w + 5. Determine x(-1).
1
Let c(g) = g**3 + 29*g**2 + 5*g + 164. Calculate c(-29).
19
Let q(z) = z**3 - z**2 - 650*z - 1. What is q(26)?
-1
Let c(p) = 1263*p + 395313. What is c(-313)?
-6
Let w(h) = -2*h**2 + 79*h - 541. Give w(31).
-14
Let a(h) = 2*h**2 + 38*h - 20. Determine a(-25).
280
Let o(t) = 4*t - 91. Calculate o(17).
-23
Let c(t) = -8*t**3 + 1145*t**2 - 165*t + 3142. What is c(143)?
-4
Let d(k) = -260*k + 2573. Calculate d(10).
-27
Let j(t) = 7*t**2 - 5*t - 29. Calculate j(4).
63
Let y(n) = n**3 + 25*n**2 + 79*n + 106. Determine y(-22).
-180
Let f(t) = -t**3 - 46*t**2 + 34. Calculate f(-46).
34
Let i(j) = -2*j**2 + 181*j + 1911. Determine i(100).
11
Let j(l) = 2*l**3 - 31*l**2 - 91*l + 18. Determine j(18).
0
Let j(l) = -138*l + 748. Give j(4).
196
Let t(g) = -87*g**2 - 3*g - 39. Give t(0).
-39
Let z(r) = r**3 - 56*r**2 - 177*r + 22. Calculate z(59).
22
Let u(o) = -o**3 - 2*o**2 + 82*o + 168. Determine u(9).
15
Let t(f) = -487*f - 17055. What is t(-35)?
-10
Let v(h) = -3*h**2 + 182*h + 420. Determine v(65).
-425
Let n(x) = x**3 + 8*x**2 + 16*x + 122. What is n(-8)?
-6
Let q(f) = -f**3 + 14*f**2 + 343*f - 2756. What is q(7)?
-12
Let m(o) = -14*o + 20. Determine m(0).
20
Let p(q) = -524*q - 3673. Give p(-7).
-5
Let u(j) = 2*j**3 + 124*j**2 + 125*j + 20. Calculate u(-61).
-163
Let k(v) = -v**3 - 273*v**2 - 1114*v - 10219. Calculate k(-269).
3
Let k(l) = -22*l**3 - 378*l**2 - 74*l - 97. What is k(-17)?
5
Let d(a) = 2*a**2 - 86*a - 92. What is d(43)?
-92
Let x(i) = 911*i - 1828. Give x(2).
-6
Let k(w) = -33*w + 1591. Give k(48).
7
Let s(d) = d**3 - 78*d - 6. What is s(0)?
-6
Let o(g) = 2*g**3 - 137*g**2 + 69*g - 77. What is o(68)?
-9
Let o(y) = 7*y**3 + 124*y**2 - 40*y - 76. Give o(-18).
-4
Let o(x) = -x**3 - 64*x**2 + 277*x + 340. Calculate o(-68).
0
Let a(c) = -123*c - 847. Determine a(-7).
14
Let q(g) = g**3 - 6*g**2 + 6*g - 37. What is q(6)?
-1
Let f(x) = -54*x**2 + 5*x + 2. Determine f(-1).
-57
Let i(f) = 6*f**3 - 24*f**2 - 3*f + 10. Give i(4).
-2
Let b(d) = -2*d**3 - 37*d**2 + 1102*d + 37. What is b(16)?
5
Let d(a) = -84*a + 2600. Calculate d(31).
-4
Let r(j) = -9*j - 279. Give r(-26).
-45
Let k(q) = q**3 + 12*q**2 + 16*q - 14. Calculate k(-10).
26
Let z(s) = -243*s + 2263. Determine z(10).
-167
Let i(n) = 2*n**3 - 19*n**2 - 41*n + 84. Give i(11).
-4
Let j(v) = -v**3 - 7*v**2 + 65*v - 151. Give j(-13).
18
Let n(v) = 20*v - 1085. Calculate n(26).
-565
Let a(x) = 1359*x + 5439. Determine a(-4).
3
Let p(o) = 4*o**2 - 114*o + 268. Determine p(26).
8
Let s(j) = -55*j + 770. Determine s(14).
0
Let z(u) = -2*u**2 - 92*u + 257. What is z(-48)?
65
Let y(d) = -d**3 - 